3 + 240*x**2 + 1229*x - 930. What is k(245)?
50
Let z(d) = -33*d**2 - 1929*d + 3099. Determine z(-60).
39
Let j(w) = w**2 - 13369*w - 40087. Calculate j(-3).
29
Let h(a) = a**3 - 5*a**2 + 403*a - 2408. What is h(6)?
46
Let g(t) = -4*t**3 + 57*t**2 - 424*t + 5759. Calculate g(14).
19
Let j(f) = -f**3 - 524*f**2 + 11359*f - 46914. Give j(-545).
-44
Let a(v) = -v**3 - 105*v**2 - 239*v - 48450. Calculate a(-107).
21
Let t(i) = -7431*i + 200640. Give t(27).
3
Let k(r) = 7940*r**2 + 23868*r - 9. Give k(-3).
-153
Let z(y) = 4345*y**2 + 56478*y - 64. Give z(-13).
27
Let j(s) = -s**2 + 46378*s + 788713. What is j(-17)?
-2
Let d(t) = -222*t + 20769. What is d(108)?
-3207
Let c(x) = x**3 + 57*x**2 + 427*x - 379. Calculate c(-48).
-139
Let c(g) = 2063*g - 16562. Give c(8).
-58
Let c(w) = 4491*w + 66727. Give c(-15).
-638
Let s(i) = 2*i**3 + 299*i**2 - 135*i + 2247. Give s(-150).
-3
Let c(i) = 348*i - 14221. Give c(39).
-649
Let x(v) = -97*v + 675. Give x(12).
-489
Let d(u) = -3762*u + 963066. What is d(256)?
-6
Let i(b) = -2*b**3 - 243*b**2 + 111*b - 1452. What is i(-122)?
-110
Let g(f) = -61*f**2 - 11772*f + 1401. What is g(-193)?
1208
Let r(h) = -5055*h + 717832. Calculate r(142).
22
Let h(z) = 3078*z - 255478. What is h(83)?
-4
Let q(i) = i**3 + 61*i**2 - 36*i + 459. What is q(-62)?
-1153
Let o(w) = 28*w**3 + 550*w**2 + 76*w + 359. Calculate o(-20).
-5161
Let p(i) = -48932*i - 97932. What is p(-2)?
-68
Let w(g) = -2*g**2 - 364151*g + 1456621. Determine w(4).
-15
Let r(o) = -82*o**2 - 114*o + 4. Calculate r(-2).
-96
Let i(y) = -396*y - 19847. Determine i(-50).
-47
Let q(k) = 19*k**2 - 112*k + 360. What is q(9)?
891
Let t(u) = 23*u**2 + 346*u + 280. Calculate t(-11).
-743
Let z(o) = o**2 - 4198*o + 575934. Determine z(142).
-18
Let s(v) = -v**3 - 51*v**2 + 31210*v + 296. What is s(153)?
-10
Let a(t) = -98*t + 6602. Determine a(55).
1212
Let a(h) = 8*h**3 - 51*h**2 - 1081*h + 8697. What is a(8)?
881
Let i(t) = -39*t + 2747. Calculate i(14).
2201
Let m(x) = -x**3 + 31*x**2 + 11*x + 53. Give m(-7).
1838
Let t(o) = -3*o**3 + 6*o**2 - 117*o - 1382. What is t(-12)?
6070
Let g(h) = 6*h**3 + 36*h**2 - 1861*h - 423. Calculate g(15).
12
Let p(k) = -2*k**3 + 21*k**2 - 29*k + 54. Determine p(13).
-1168
Let n(z) = -1757*z**2 - 10324*z + 9. Calculate n(-6).
-1299
Let t(s) = -17545*s + 106500. What is t(6)?
1230
Let q(j) = -j**3 + 67*j**2 + 89*j - 5774. What is q(67)?
189
Let o(a) = 215*a + 407. Calculate o(-2).
-23
Let f(i) = -2850*i - 48174. What is f(-17)?
276
Let l(j) = 83*j**2 - 698*j - 2840. What is l(-3)?
1
Let r(p) = p**3 - 131*p**2 + 405*p - 2640. Calculate r(128).
48
Let f(c) = -c**3 - 16*c**2 + 19*c - 353. What is f(-18)?
-47
Let k(w) = -6*w**2 + 61*w + 2457. Give k(26).
-13
Let n(b) = -b**3 + 69*b**2 - 9*b + 552. Calculate n(69).
-69
Let z(x) = -258*x**2 - 10347*x + 67. Determine z(-40).
1147
Let q(d) = 5*d**3 - 6*d**2 - 17784*d + 35569. Calculate q(2).
17
Let t(y) = -y**3 + 4*y**2 + 8*y - 22. Calculate t(6).
-46
Let y(i) = -5*i**2 + 1119*i + 19464. What is y(240)?
24
Let v(y) = -19331*y + 193359. Determine v(10).
49
Let t(p) = 2079*p - 58340. Give t(28).
-128
Let p(l) = -l**3 - 47*l**2 + 52*l + 4231. Calculate p(-46).
-277
Let n(k) = k**3 + 116*k**2 + 1341*k + 4031. Calculate n(-7).
-15
Let z(p) = -p**3 + 14*p**2 + 114*p - 1386. Calculate z(18).
-630
Let f(a) = 2*a**2 + 663*a - 15539. What is f(22)?
15
Let o(j) = -32482*j + 259853. What is o(8)?
-3
Let y(i) = i**2 - 1357*i - 21995. Determine y(-16).
-27
Let y(j) = 4125*j - 2796762. What is y(678)?
-12
Let s(r) = r**3 - 28*r**2 + 8054*r + 16229. Give s(-2).
1
Let b(q) = -2*q**2 + 866*q - 1777. Give b(431).
-53
Let y(m) = -36597*m - 301. Calculate y(0).
-301
Let q(c) = 10863*c - 271476. Give q(25).
99
Let l(f) = -14*f + 1293. Calculate l(63).
411
Let p(y) = y**3 - 208*y**2 - 2185*y + 1092. Calculate p(218).
2
Let h(k) = -21*k**2 + 4220*k - 196229. Determine h(73).
-78
Let k(b) = -659709*b**2 + 20450981*b - 57. Calculate k(31).
5
Let d(l) = 260*l - 32. Determine d(-3).
-812
Let x(s) = -2*s**3 - 212*s**2 - 1545*s - 117412. Give x(-104).
4
Let b(u) = -3*u**2 + 1231*u + 4955. Determine b(-4).
-17
Let p(d) = -781*d + 80211. Give p(102).
549
Let a(x) = -27*x**3 + 5*x**2 - 441*x + 1305. Calculate a(3).
-702
Let q(m) = -m**3 - 484*m**2 - 1915*m + 2399. Give q(-480).
-1
Let y(g) = -g**3 - 554*g**2 + 2207*g - 13946. Determine y(-558).
4
Let o(w) = 6407*w - 76931. Calculate o(12).
-47
Let j(t) = -976*t**3 + 2812*t**2 + 5*t - 2. Determine j(3).
-1031
Let z(u) = 20757*u + 5189255. Give z(-250).
5
Let k(o) = -155626*o - 155615. Give k(-1).
11
Let z(t) = 9*t**2 - 3689*t + 11009. What is z(3)?
23
Let z(a) = a**2 - 415*a + 30420. Give z(320).
20
Let z(q) = 14*q**3 - 43*q**2 - 76*q - 3. Calculate z(-2).
-135
Let d(k) = 16467*k - 395228. Determine d(24).
-20
Let j(x) = -2031*x**2 - 749448*x - 3315. Give j(-369).
6
Let c(x) = -2*x**3 + 22*x**2 + 13*x - 303. What is c(4)?
-27
Let a(g) = 244*g - 36644. What is a(150)?
-44
Let v(n) = -2*n**3 - 26*n**2 + 37*n + 52. Determine v(-15).
397
Let x(t) = -t**2 - 124063*t - 113. What is x(0)?
-113
Let z(c) = c**3 - 89*c**2 + 1735*c + 335. Calculate z(60).
35
Let i(h) = -h**3 + 490*h**2 + 4488*h + 1466. Give i(499).
-31
Let c(r) = -230*r - 11071. What is c(-48)?
-31
Let x(m) = m**2 - 134*m - 20207. Determine x(-89).
-360
Let j(x) = -101*x + 3608. Calculate j(28).
780
Let x(q) = q**3 - 16*q**2 - 689*q - 1322. Give x(-2).
-16
Let q(g) = 123*g**2 - 134*g + 271. What is q(2)?
495
Let c(m) = -2*m**3 - 401*m**2 + 226*m + 5642. Give c(-201).
617
Let u(j) = 2018*j + 9873. What is u(-5)?
-217
Let p(t) = 35602*t + 249214. Give p(-7).
0
Let w(v) = 15367*v + 184393. Give w(-12).
-11
Let h(n) = -n**2 + 100*n + 12848. Calculate h(-75).
-277
Let s(l) = -28*l**3 + 187*l**2 - 238*l + 736. Calculate s(6).
-8
Let x(d) = 19*d**2 + 240*d + 7. Give x(-6).
-749
Let n(z) = 4245*z + 25439. Calculate n(-6).
-31
Let y(d) = -1047*d - 14411. What is y(-14)?
247
Let o(t) = 82*t**2 + 543*t - 104. Calculate o(-7).
113
Let p(s) = -46*s**2 - 2820*s + 1796. Give p(-62).
-188
Let b(g) = 5*g**3 - 73*g**2 - 27*g + 51. Give b(5).
-1284
Let h(z) = -45*z**2 - 105*z + 341. Calculate h(3).
-379
Let b(n) = 87897*n - 87895. What is b(1)?
2
Let t(k) = -718*k + 3084. What is t(4)?
212
Let r(p) = -p**3 - 569*p**2 - 38280*p + 8853. Calculate r(-491).
15
Let w(d) = 7*d**2 + 1795*d + 6023. Calculate w(-253).
-49
Let o(u) = -u**3 + 317*u**2 - 1173*u - 24800. Determine o(313).
-73
Let p(m) = 43343*m - 43371. What is p(1)?
-28
Let j(h) = -27*h**2 + 3617*h - 14047. What is j(4)?
-11
Let n(p) = 6*p**2 - 8315*p + 58290. Calculate n(7).
379
Let t(d) = 68*d + 1537. Give t(-31).
-571
Let l(r) = -120*r - 6468. Determine l(-54).
12
Let j(l) = -275*l + 4355. Give j(15).
230
Let x(t) = -t**3 + 49*t**2 - 1286*t + 13622. Determine x(19).
18
Let u(h) = 31*h**3 - 28401*h**2 + 4576*h + 3653. What is u(916)?
-11
Let q(m) = 8*m**3 + 8*m**2 - 558*m + 3150. Give q(6).
1818
Let i(a) = -10273*a**2 + 708848*a - 763. Determine i(69).
-4
Let v(x) = -5*x**2 + 13879*x - 27762. Determine v(2).
-24
Let m(z) = z**2 + 64455*z + 451141. What is m(-7)?
5
Let n(o) = o**3 - 15*o**2 + 56*o + 99. What is n(7)?
99
Let a(o) = o**3 - 50*o**2 - 24*o - 851. Calculate a(50).
-2051
Let h(m) = 67*m**2 + 9470*m - 9473. What is h(1)?
64
Let g(z) = 177*z - 10873. Give g(77).
2756
Let u(f) = -1837*f + 20052. Calculate u(11).
-155
Let v(f) = f**2 - 35238*f - 634611. Determine v(-18).
-3
Let f(q) = 6*q**3 + 1165*q**2 - 972*q + 534. Give f(-195).
-51
Let m(a) = -357479*a + 3217306. Give m(9).
-5
Let i(u) = -595*u**2 + 49358*u + 2313. What is i(83)?
72
Let t(y) = 3*y**3 + 70*y**2 + 8*y - 310. Determine t(-23).
35
Let f(b) = b**3 - 28*b**2 + 1144*b - 26543. What is f(25)?
182
Let a(j) = -34412*j - 15726280. Determine a(-457).
4
Let z(o) = -3*o**3 + 2179*o**2 + 10963*o + 8. Give z(-5).
43
Let u(n) = 294*n**2 - 3532*n + 51. Calculate u(12).
3
Let b(s) = 232*s + 9838. Calculate b(-42).
94
Let x(r) = 6365*r - 420106. Give x(66).
-16
Let q(w) = -59*w - 10126. Calculate q(-172).
22
Let l(j) = 109*j**2 + 16355*j + 746. Calculate l(-150).
-4
Let u(i) = 2*i**3 - 15*i**2 + 70*i - 843. Give u(9).
30
Let x(q) = -376*q**2 - 130472*q - 10. What is x(-347)?
-10
Let u(l) = 1432*l - 18908. What is u(13)?
-2